6
Convert 2 (base 9) to base 6.
2
Convert 75 (base 12) to base 10.
89
Convert 7 (base 15) to base 9.
7
Convert 21 (base 14) to base 2.
11101
-8 (base 11) to base 8
-10
-104 (base 12) to base 15
-9d
What is 7 (base 10) in base 9?
7
-240 (base 5) to base 16
-46
5 (base 9) to base 5
10
What is -b (base 12) in base 13?
-b
136 (base 8) to base 9
114
What is 29 (base 10) in base 13?
23
What is 130 (base 6) in base 3?
2000
Convert 1 (base 16) to base 9.
1
0 (base 13) to base 7
0
Convert 24 (base 12) to base 11.
26
What is -1420 (base 5) in base 8?
-353
What is 6 (base 10) in base 5?
11
What is 14 (base 13) in base 4?
101
41 (base 10) to base 13
32
Convert -11001 (base 2) to base 7.
-34
24 (base 6) to base 12
14
What is -1 (base 3) in base 11?
-1
Convert -3 (base 14) to base 15.
-3
What is -4e (base 16) in base 8?
-116
What is 13 (base 5) in base 12?
8
Convert -50 (base 14) to base 15.
-4a
-10 (base 6) to base 7
-6
What is 3 (base 15) in base 11?
3
What is 0 (base 11) in base 2?
0
Convert bb (base 15) to base 13.
107
What is -113 (base 8) in base 6?
-203
Convert 13 (base 15) to base 3.
200
Convert -10 (base 4) to base 15.
-4
What is 151 (base 8) in base 6?
253
11001 (base 2) to base 10
25
Convert 4 (base 14) to base 15.
4
Convert 0 (base 4) to base 3.
0
What is -1 (base 10) in base 8?
-1
What is -12 (base 16) in base 8?
-22
13 (base 6) to base 10
9
What is -45 (base 7) in base 12?
-29
What is 20 (base 13) in base 2?
11010
-56 (base 14) to base 4
-1030
What is 2 (base 5) in base 9?
2
What is -20 (base 4) in base 10?
-8
Convert 11 (base 6) to base 3.
21
What is 121 (base 3) in base 10?
16
What is 2 (base 6) in base 8?
2
38 (base 11) to base 12
35
-55 (base 11) to base 14
-44
-ea (base 15) to base 16
-dc
What is 65 (base 7) in base 12?
3b
10 (base 6) to base 14
6
42 (base 5) to base 8
26
a (base 15) to base 13
a
What is a1 (base 13) in base 16?
83
Convert 142 (base 5) to base 3.
1202
Convert 68 (base 12) to base 11.
73
-4 (base 9) to base 8
-4
What is 0 (base 13) in base 6?
0
-11 (base 8) to base 5
-14
Convert -510 (base 7) to base 8.
-374
What is 4 (base 8) in base 3?
11
-11011 (base 3) to base 7
-220
-11211 (base 3) to base 11
-109
Convert 2 (base 14) to base 12.
2
What is 32 (base 7) in base 6?
35
What is -2 (base 16) in base 6?
-2
2 (base 11) to base 13
2
Convert -34 (base 6) to base 14.
-18
What is 76 (base 15) in base 8?
157
3 (base 15) to base 14
3
-110 (base 9) to base 5
-330
-11 (base 8) to base 15
-9
Convert -7 (base 15) to base 2.
-111
Convert -2 (base 15) to base 14.
-2
What is -50 (base 14) in base 5?
-240
0 (base 3) to base 7
0
Convert 1001 (base 2) to base 4.
21
Convert -13 (base 5) to base 16.
-8
What is 316 (base 7) in base 9?
187
What is -5 (base 9) in base 5?
-10
Convert 8 (base 15) to base 8.
10
What is 13 (base 7) in base 16?
a
-6 (base 14) to base 8
-6
-10033 (base 4) to base 14
-155
Convert -23 (base 10) to base 3.
-212
Convert -111 (base 10) to base 9.
-133
4 (base 7) to base 8
4
Convert -3203 (base 4) to base 16.
-e3
What is 2 (base 12) in base 5?
2
Convert 5 (base 6) to base 3.
12
What is -4 (base 7) in base 3?
-11
What is -10 (base 4) in base 12?
-4
Convert 166 (base 7) to base 13.
76
Convert -11010 (base 2) to base 5.
-101
1 (base 6) to base 4
1
What is 122 (base 3) in base 5?
32
15 (base 11) to base 14
12
What is 1d (base 15) in base 9?
31
-a3 (base 13) to base 16
-85
Convert 1 (base 10) to base 8.
1
Convert 10 (base 7) to base 3.
21
What is 0 (base 9) in base 2?
0
What is -5c (base 15) in base 8?
-127
-11 (base 13) to base 3
-112
Convert -4 (base 13) to base 2.
-100
Convert 10 (base 5) to base 12.
5
Convert -45 (base 14) to base 15.
-41
Convert -5 (base 12) to base 9.
-5
-111 (base 4) to base 8
-25
Convert -1 (base 12) to base 2.
-1
What is -25 (base 15) in base 16?
-23
-1f (base 16) to base 9
-34
Convert -15 (base 6) to base 12.
-b
What is -133 (base 15) in base 14?
-157
-1a (base 15) to base 16
-19
Convert -91 (base 10) to base 11.
-83
Convert 100001 (base 2) to base 11.
30
ad (base 16) to base 5
1143
What is -1 (base 11) in base 8?
-1
What is -1 (base 6) in base 7?
-1
Convert 0 (base 8) to base 14.
0
What is -4 (base 9) in base 5?
-4
What is -352 (base 7) in base 16?
-b8
What is -1 (base 11) in base 7?
-1
What is 1 (base 7) in base 9?
1
513 (base 6) to base 10
189
Convert 9 (base 16) to base 9.
10
Convert -11 (base 11) to base 15.
-c
407 (base 8) to base 9
322
Convert 32 (base 4) to base 6.
22
Convert 6 (base 9) to base 8.
6
-75 (base 12) to base 9
-108
Convert 70 (base 12) to base 2.
1010100
Convert -5 (base 7) to base 12.
-5
-1 (base 13) to base 9
-1
-61 (base 7) to base 10
-43
What is 1 (base 4) in base 5?
1
What is -42 (base 11) in base 13?
-37
Convert -1 (base 14) to base 4.
-1
4 (base 6) to base 8
4
-2 (base 16) to base 13
-2
What is -400 (base 7) in base 13?
-121
Convert -23 (base 7) to base 11.
-16
Convert 13 (base 4) to base 11.
7
Convert 110001 (base 2) to base 13.
3a
What is 19 (base 15) in base 3?
220
What is 40 (base 10) in base 11?
37
11 (base 16) to base 14
13
What is 101 (base 3) in base 9?
11
Convert 2 (base 3) to base 15.
2
What is -76 (base 8) in base 4?
-332
Convert 8 (base 13) to base 9.
8
What is 2 (base 7) in base 6?
2
9 (base 16) to base 15
9
Convert -7 (base 12) to base 2.
-111
Convert 15 (base 7) to base 11.
11
12 (base 7) to base 15
9
What is 1001 (base 3) in base 10?
28
-1101000 (base 2) to base 15
-6e
3 (base 14) to base 3
10
Convert -49 (base 12) to base 6.
-133
What is -10 (base 5) in base 3?
-12
Convert 1 (base 11) to base 16.
1
-3 (base 11) to base 2
-11
-32 (base 13) to base 10
-41
What is 7 (base 15) in base 6?
11
What is -1b (base 15) in base 7?
-35
-5 (base 9) to base 4
-11
2 (base 7) to base 8
2
What is -11 (base 14) in base 4?
-33
What is 4 (base 15) in base 3?
11
Convert -123 (base 8) to base 10.
-83
-163 (base 11) to base 14
-d8
0 (base 11) to base 2
0
-11001010 (base 2) to base 4
-3022
e (base 15) to base 11
13
Convert 111 (base 2) to base 13.
7
-6 (base 14) to base 3
-20
What is -12 (base 9) in base 4?
-23
What is 23 (base 7) in base 4?
101
Convert -4 (base 12) to base 3.
-11
-27 (base 15) to base 12
-31
8 (base 14) to base 15
8
What is -116 (base 8) in base 14?
-58
What is -12 (base 3) in base 11?
-5
What is -21 (base 10) in base 11?
-1a
Convert 5 (base 6) to base 13.
5
What is 0 (base 9) in base 8?
0
What is 101 (base 2) in base 13?
5
Convert -1 (base 10) to base 11.
-1
What is a (base 12) in base 16?
a
2 (base 5) to base 15
2
-2 (base 7) to base 13
-2
-1 (base 11) to base 5
-1
Convert 5 (base 8) to base 16.
5
21 (base 9) to base 8
23
-32 (base 8) to base 10
-26
Convert -2 (base 9) to base 16.
-2
Convert 33 (base 8) to base 10.
27
Convert -2 (base 4) to base 6.
-2
1022 (base 4) to base 8
112
-6 (base 7) to base 12
-6
123 (base 6) to base 2
110011
10 (base 3) to base 4
3
Convert -66 (base 8) to base 6.
-130
-1ab (base 14) to base 11
-296
Convert 109 (base 13) to base 15.
bd
-4 (base 7) to base 9
-4
-68 (base 11) to base 5
-244
What is -7 (base 11) in base 5?
-12
62 (base 14) to base 7
152
What is -1001 (base 2) in base 11?
-9
Convert 2 (base 16) to base 5.
2
Convert 67 (base 11) to base 8.
111
Convert -61 (base 7) to base 14.
-31
Convert -2 (base 13) to base 15.
-2
3 (base 12) to base 10
3
What is -24 (base 7) in base 9?
-20
Convert 3 (base 5) to base 3.
10
0 (base 8) to base 4
0
What is -4 (base 13) in base 12?
-4
Convert -1c (base 14) to base 13.
-20
-15 (base 12) to base 9
-18
Convert -a9 (base 14) to base 6.
-405
What is -2 (base 14) in base 12?
-2
-5 (base 8) to base 9
-5
What is 11 (base 15) in base 8?
20
9a (base 11) to base 6
301
What is 106 (base 14) in base 11?
174
What is -54 (base 10) in base 13?
-42
What is -60 (base 11) in base 5?
-231
Convert 0 (base 11) to base 3.
0
Convert -11 (base 2) to base 16.
-3
What is 3 (base 14) in base 2?
11
-112 (base 7) to base 11
-53
Convert -bc (base 15) to base 14.
-c9
Convert 1f (base 16) to base 8.
37
Convert -1 (base 10) to base 3.
-1
What is -19 (base 15) in base 10?
-24
312 (base 8) to base 15
d7
Convert -13 (base 7) to base 16.
-a
Convert -1 (base 16) to base 8.
-1
-5 (base 11) to base 15
-5
11210 (base 3) to base 14
93
Convert -3 (base 7) to base 5.
-3
-4 (base 15) to base 8
-4
-1100001 (base 2) to base 13
-76
Convert -